e greatest common factor of 759 and 276.
69
Calculate the greatest common factor of 45 and 15.
15
Calculate the greatest common factor of 264 and 187.
11
What is the greatest common factor of 52 and 806?
26
Calculate the greatest common factor of 10 and 430.
10
Calculate the greatest common divisor of 44 and 22.
22
What is the greatest common divisor of 108 and 288?
36
What is the highest common divisor of 104 and 44?
4
Calculate the greatest common divisor of 572 and 242.
22
What is the greatest common divisor of 2226 and 602?
14
Calculate the highest common divisor of 108 and 180.
36
What is the highest common divisor of 575 and 23?
23
Calculate the greatest common factor of 25564 and 11.
11
What is the highest common divisor of 927 and 27?
9
What is the highest common divisor of 28 and 2716?
28
What is the highest common divisor of 469 and 336?
7
What is the greatest common divisor of 17 and 2533?
17
What is the highest common factor of 2000 and 148?
4
Calculate the greatest common factor of 36 and 72.
36
What is the greatest common factor of 2769 and 78?
39
Calculate the highest common divisor of 146 and 730.
146
What is the greatest common factor of 19757 and 23?
23
Calculate the highest common factor of 8 and 200.
8
What is the highest common divisor of 7914 and 6?
6
What is the highest common factor of 147 and 21?
21
Calculate the greatest common factor of 2 and 9.
1
What is the highest common factor of 26 and 78?
26
Calculate the greatest common divisor of 51 and 4233.
51
What is the highest common divisor of 158 and 79?
79
What is the greatest common divisor of 187 and 44?
11
Calculate the highest common divisor of 13186 and 38.
38
What is the highest common factor of 100 and 125?
25
What is the greatest common divisor of 10 and 50?
10
What is the greatest common factor of 87 and 725?
29
Calculate the greatest common divisor of 36 and 1710.
18
What is the highest common factor of 88 and 2882?
22
Calculate the greatest common divisor of 325 and 208.
13
Calculate the greatest common factor of 8 and 236.
4
Calculate the highest common factor of 57 and 10412.
19
What is the greatest common factor of 567 and 54?
27
What is the greatest common factor of 260 and 598?
26
What is the highest common factor of 82 and 7093?
41
What is the greatest common divisor of 72 and 36?
36
Calculate the highest common factor of 35 and 14.
7
What is the highest common divisor of 1504 and 48?
16
Calculate the greatest common divisor of 78 and 273.
39
Calculate the greatest common divisor of 2052 and 12.
12
Calculate the highest common divisor of 150 and 2160.
30
Calculate the greatest common divisor of 8957 and 169.
169
Calculate the highest common divisor of 20 and 2930.
10
What is the highest common factor of 817 and 57?
19
Calculate the greatest common divisor of 1856 and 320.
64
What is the greatest common factor of 3173 and 19?
19
What is the highest common factor of 360 and 40?
40
What is the highest common divisor of 69 and 299?
23
Calculate the greatest common factor of 3456 and 16.
16
Calculate the highest common factor of 588 and 84.
84
Calculate the greatest common factor of 2943 and 54.
27
What is the highest common factor of 2619 and 1455?
291
What is the highest common factor of 45 and 1125?
45
What is the highest common divisor of 84 and 1365?
21
What is the highest common divisor of 88 and 418?
22
What is the highest common divisor of 3184 and 32?
16
Calculate the greatest common divisor of 63 and 819.
63
What is the greatest common divisor of 2076 and 156?
12
Calculate the greatest common factor of 10956 and 88.
44
Calculate the greatest common divisor of 312 and 65.
13
Calculate the greatest common divisor of 50 and 2.
2
What is the highest common factor of 1264 and 32?
16
Calculate the greatest common divisor of 819 and 728.
91
Calculate the greatest common factor of 868 and 238.
14
What is the highest common factor of 216 and 4590?
54
Calculate the greatest common factor of 11 and 55.
11
Calculate the highest common divisor of 3620 and 25.
5
Calculate the greatest common factor of 737 and 335.
67
Calculate the highest common divisor of 70 and 56.
14
What is the highest common divisor of 361 and 874?
19
Calculate the highest common divisor of 264 and 7832.
88
What is the greatest common divisor of 16124 and 139?
139
Calculate the greatest common divisor of 9936 and 48.
48
Calculate the highest common divisor of 737 and 22.
11
What is the greatest common divisor of 31 and 775?
31
Calculate the highest common factor of 590 and 20.
10
What is the highest common factor of 4 and 604?
4
What is the highest common factor of 434 and 42?
14
Calculate the greatest common factor of 614 and 2.
2
What is the greatest common divisor of 171 and 133?
19
Calculate the highest common factor of 29 and 2.
1
Calculate the greatest common divisor of 29 and 25549.
29
What is the greatest common divisor of 765 and 360?
45
What is the greatest common factor of 1050 and 90?
30
Calculate the greatest common divisor of 147 and 3.
3
Calculate the greatest common factor of 58 and 899.
29
What is the highest common factor of 5364 and 1490?
298
Calculate the greatest common factor of 6 and 12.
6
What is the greatest common factor of 30 and 1270?
10
What is the greatest common factor of 121 and 231?
11
Calculate the greatest common divisor of 165 and 1265.
55
What is the greatest common divisor of 4747 and 202?
101
What is the greatest common divisor of 394 and 4?
2
What is the highest common divisor of 78 and 16198?
26
Calculate the highest common divisor of 3728 and 16.
16
What is the greatest common divisor of 3 and 17?
1
What is the greatest common factor of 414 and 6486?
138
Calculate the highest common divisor of 657 and 9.
9
What is the highest common divisor of 133 and 437?
19
What is the highest common divisor of 756 and 3564?
108
Calculate the greatest common factor of 35088 and 16.
16
What is the highest common factor of 18 and 81?
9
What is the greatest common divisor of 190 and 170?
10
What is the greatest common divisor of 63 and 207?
9
Calculate the greatest common divisor of 320 and 230.
10
Calculate the greatest common divisor of 144 and 126.
18
What is the greatest common divisor of 17 and 493?
17
What is the greatest common factor of 93 and 1147?
31
What is the greatest common divisor of 469 and 603?
67
Calculate the greatest common divisor of 365 and 73.
73
What is the greatest common factor of 989 and 69?
23
What is the highest common divisor of 205 and 533?
41
What is the greatest common factor of 154 and 1463?
77
What is the greatest common divisor of 118 and 15576?
118
Calculate the highest common factor of 78 and 12.
6
What is the greatest common divisor of 33 and 17457?
33
Calculate the highest common divisor of 18 and 17046.
18
What is the greatest common divisor of 20 and 1780?
20
Calculate the greatest common factor of 84 and 84.
84
What is the highest common factor of 540 and 120?
60
Calculate the greatest common factor of 1978 and 1426.
46
Calculate the greatest common divisor of 1197 and 63.
63
Calculate the greatest common divisor of 288 and 300.
12
Calculate the highest common divisor of 243 and 675.
27
What is the highest common factor of 75 and 63975?
75
Calculate the greatest common divisor of 17922 and 174.
174
What is the highest common divisor of 245 and 105?
35
Calculate the highest common factor of 3 and 849.
3
What is the greatest common divisor of 72 and 192?
24
What is the greatest common divisor of 3219 and 87?
87
Calculate the highest common divisor of 2 and 10.
2
Calculate the greatest common factor of 44 and 649.
11
What is the greatest common divisor of 294 and 2450?
98
What is the highest common factor of 3978 and 65?
13
What is the greatest common factor of 67 and 804?
67
What is the highest common factor of 54 and 30?
6
What is the highest common factor of 816 and 18?
6
Calculate the greatest common divisor of 184 and 72.
8
What is the greatest common divisor of 466 and 2?
2
What is the highest common factor of 3978 and 182?
26
What is the greatest common factor of 924 and 9636?
132
What is the highest common factor of 99 and 121?
11
What is the highest common divisor of 8670 and 20?
10
Calculate the greatest common